 highest common divisor of 840 and 15.
15
What is the highest common divisor of 98 and 1582?
14
What is the greatest common divisor of 33 and 1672?
11
What is the highest common divisor of 1 and 2357?
1
What is the highest common factor of 1071 and 21?
21
Calculate the greatest common divisor of 468 and 216.
36
What is the highest common factor of 430 and 60?
10
Calculate the greatest common factor of 3233 and 61.
61
Calculate the greatest common divisor of 190 and 1615.
95
What is the greatest common factor of 16 and 44?
4
What is the greatest common divisor of 167 and 25217?
167
Calculate the highest common factor of 600 and 525.
75
Calculate the highest common divisor of 864 and 1485.
27
What is the highest common divisor of 133 and 76?
19
Calculate the highest common factor of 6757 and 29.
29
What is the greatest common divisor of 45 and 3165?
15
Calculate the highest common divisor of 151 and 11929.
151
What is the highest common factor of 10 and 4?
2
What is the greatest common divisor of 84 and 264?
12
Calculate the highest common factor of 5 and 285.
5
Calculate the greatest common factor of 36 and 24.
12
Calculate the highest common factor of 27291 and 33.
33
What is the highest common factor of 156 and 1170?
78
Calculate the highest common divisor of 63 and 207.
9
Calculate the greatest common factor of 68 and 2176.
68
Calculate the highest common divisor of 198 and 528.
66
What is the highest common divisor of 1340 and 20?
20
Calculate the highest common divisor of 192 and 7032.
24
Calculate the highest common factor of 172 and 129.
43
What is the highest common factor of 2512 and 785?
157
Calculate the greatest common divisor of 28 and 7168.
28
Calculate the highest common divisor of 1391 and 214.
107
Calculate the greatest common divisor of 2 and 110.
2
Calculate the greatest common divisor of 99 and 5203.
11
Calculate the greatest common divisor of 56 and 77.
7
Calculate the greatest common factor of 59 and 2537.
59
What is the greatest common factor of 7882 and 28?
14
What is the greatest common factor of 920 and 810?
10
What is the greatest common divisor of 1521 and 117?
117
What is the highest common divisor of 220 and 60?
20
Calculate the highest common factor of 47 and 64.
1
What is the greatest common divisor of 10 and 2690?
10
What is the highest common divisor of 10 and 190?
10
What is the highest common factor of 95 and 152?
19
What is the highest common divisor of 42 and 1407?
21
What is the greatest common divisor of 936 and 728?
104
What is the highest common factor of 906 and 12?
6
What is the greatest common factor of 493 and 87?
29
Calculate the highest common divisor of 14 and 1694.
14
What is the greatest common divisor of 124 and 558?
62
What is the greatest common factor of 4374 and 6?
6
Calculate the highest common divisor of 702 and 819.
117
What is the greatest common divisor of 40 and 180?
20
Calculate the greatest common factor of 4676 and 56.
28
Calculate the highest common factor of 31 and 496.
31
What is the highest common factor of 24 and 39?
3
What is the greatest common divisor of 26 and 6?
2
What is the greatest common divisor of 120 and 15?
15
Calculate the highest common factor of 5038 and 154.
22
Calculate the greatest common factor of 2676 and 36.
12
What is the highest common divisor of 1495 and 3185?
65
Calculate the highest common divisor of 256 and 1408.
128
Calculate the highest common factor of 8562 and 6.
6
What is the greatest common divisor of 372 and 9548?
124
Calculate the greatest common divisor of 104 and 80.
8
Calculate the highest common divisor of 2997 and 4329.
333
What is the greatest common divisor of 1075 and 50?
25
What is the greatest common factor of 115 and 1285?
5
What is the greatest common divisor of 50 and 80?
10
What is the greatest common divisor of 130 and 3510?
130
What is the greatest common factor of 121 and 2299?
121
Calculate the greatest common divisor of 147 and 9898.
49
Calculate the highest common factor of 1903 and 11.
11
What is the highest common factor of 25 and 60675?
25
What is the highest common divisor of 72 and 7974?
18
What is the highest common divisor of 1376 and 4644?
172
What is the greatest common factor of 214 and 321?
107
What is the greatest common divisor of 140 and 100?
20
Calculate the greatest common factor of 1457 and 403.
31
What is the highest common divisor of 16389 and 27?
27
Calculate the greatest common divisor of 296 and 88.
8
Calculate the highest common factor of 15710 and 10.
10
What is the highest common divisor of 901 and 212?
53
What is the greatest common divisor of 85 and 10?
5
What is the highest common factor of 8466 and 102?
102
What is the highest common factor of 110 and 88?
22
Calculate the greatest common divisor of 60 and 195.
15
What is the highest common factor of 22 and 2?
2
What is the highest common factor of 183 and 6?
3
What is the greatest common divisor of 150 and 200?
50
Calculate the greatest common divisor of 3296 and 103.
103
What is the greatest common divisor of 245 and 280?
35
Calculate the greatest common divisor of 27 and 15.
3
What is the highest common divisor of 360 and 3480?
120
What is the greatest common factor of 378 and 432?
54
What is the greatest common factor of 120 and 270?
30
What is the greatest common divisor of 108 and 12204?
108
What is the highest common factor of 1476 and 72?
36
What is the highest common divisor of 20 and 68?
4
What is the highest common divisor of 252 and 6363?
63
Calculate the highest common factor of 168 and 17528.
56
Calculate the highest common factor of 867 and 51.
51
Calculate the highest common factor of 12702 and 174.
174
Calculate the highest common factor of 242 and 88.
22
What is the highest common divisor of 144 and 8016?
48
Calculate the greatest common divisor of 342 and 513.
171
What is the highest common factor of 410 and 164?
82
Calculate the highest common divisor of 198 and 12.
6
What is the highest common factor of 2222 and 968?
22
What is the highest common factor of 42 and 25998?
42
Calculate the greatest common divisor of 23 and 34477.
23
What is the greatest common factor of 40 and 24?
8
Calculate the greatest common factor of 63 and 273.
21
Calculate the greatest common divisor of 2150 and 450.
50
What is the highest common divisor of 33 and 534?
3
What is the highest common factor of 1250 and 50?
50
Calculate the highest common factor of 8985 and 60.
15
Calculate the highest common factor of 27 and 63.
9
Calculate the highest common factor of 1250 and 10.
10
What is the highest common divisor of 154 and 42?
14
Calculate the highest common factor of 39 and 845.
13
What is the highest common divisor of 348 and 3045?
87
What is the greatest common factor of 1507 and 198?
11
What is the greatest common divisor of 4215 and 30?
15
Calculate the greatest common factor of 14 and 392.
14
Calculate the greatest common factor of 19885 and 5.
5
What is the highest common factor of 17 and 272?
17
What is the highest common factor of 19 and 703?
19
What is the greatest common divisor of 2165 and 15?
5
Calculate the highest common factor of 325 and 767.
13
What is the highest common factor of 5 and 7615?
5
What is the greatest common factor of 732 and 12?
12
Calculate the highest common factor of 15 and 970.
5
Calculate the highest common divisor of 4 and 68.
4
What is the highest common divisor of 2528 and 79?
79
What is the highest common divisor of 364 and 784?
28
What is the greatest common divisor of 1587 and 23?
23
Calculate the highest common factor of 48 and 204.
12
Calculate the highest common factor of 32 and 888.
8
What is the highest common divisor of 34 and 221?
17
Calculate the greatest common divisor of 165 and 110.
55
What is the greatest common factor of 657 and 584?
73
What is the greatest common divisor of 486 and 2844?
18
What is the highest common factor of 1798 and 62?
62
What is the greatest common factor of 325 and 475?
25
Calculate the highest common factor of 405 and 225.
45
Calculate the highest common factor of 2413 and 228.
19
Calculate the greatest common factor of 147 and 1785.
21
What is the highest common factor of 172 and 4?
4
Calculate the greatest common divisor of 175 and 315.
35
What is the greatest co